[INFO] cloning repository https://github.com/mnimi/mm
[INFO] running `Command { std: "git" "-c" "credential.helper=" "-c" "credential.helper=/workspace/cargo-home/bin/git-credential-null" "clone" "--bare" "https://github.com/mnimi/mm" "/workspace/cache/git-repos/https%3A%2F%2Fgithub.com%2Fmnimi%2Fmm", kill_on_drop: false }`
[INFO] [stderr] Cloning into bare repository '/workspace/cache/git-repos/https%3A%2F%2Fgithub.com%2Fmnimi%2Fmm'...
[INFO] running `Command { std: "git" "rev-parse" "HEAD", kill_on_drop: false }`
[INFO] [stdout] 030eaea7674ceace13746ba46f9c62a2ab962767
[INFO] building mnimi/mm against master#881c1ac408d93bb7adaa3a51dabab9266e82eee8 for issue-85264
[INFO] running `Command { std: "git" "clone" "/workspace/cache/git-repos/https%3A%2F%2Fgithub.com%2Fmnimi%2Fmm" "/workspace/builds/worker-5/source", kill_on_drop: false }`
[INFO] [stderr] Cloning into '/workspace/builds/worker-5/source'...
[INFO] [stderr] done.
[INFO] validating manifest of git repo https://github.com/mnimi/mm on toolchain 881c1ac408d93bb7adaa3a51dabab9266e82eee8
[INFO] running `Command { std: "/workspace/cargo-home/bin/cargo" "+881c1ac408d93bb7adaa3a51dabab9266e82eee8" "metadata" "--manifest-path" "Cargo.toml" "--no-deps", kill_on_drop: false }`
[INFO] started tweaking git repo https://github.com/mnimi/mm
[INFO] finished tweaking git repo https://github.com/mnimi/mm
[INFO] tweaked toml for git repo https://github.com/mnimi/mm written to /workspace/builds/worker-5/source/Cargo.toml
[INFO] crate git repo https://github.com/mnimi/mm already has a lockfile, it will not be regenerated
[INFO] running `Command { std: "/workspace/cargo-home/bin/cargo" "+881c1ac408d93bb7adaa3a51dabab9266e82eee8" "fetch" "--manifest-path" "Cargo.toml", kill_on_drop: false }`
[INFO] [stderr] warning: version requirement `0.16.0+162` for dependency `erupt` includes semver metadata which will be ignored, removing the metadata is recommended to avoid confusion
[INFO] [stderr]  Downloading crates ...
[INFO] [stderr]   Downloaded metal v0.17.1
[INFO] [stderr]   Downloaded raw-window-metal v0.1.1
[INFO] [stderr]   Downloaded erupt v0.16.0+162
[INFO] running `Command { std: "docker" "create" "-v" "/var/lib/crater-agent-workspace/builds/worker-5/target:/opt/rustwide/target:rw,Z" "-v" "/var/lib/crater-agent-workspace/builds/worker-5/source:/opt/rustwide/workdir:ro,Z" "-v" "/var/lib/crater-agent-workspace/cargo-home:/opt/rustwide/cargo-home:ro,Z" "-v" "/var/lib/crater-agent-workspace/rustup-home:/opt/rustwide/rustup-home:ro,Z" "-e" "SOURCE_DIR=/opt/rustwide/workdir" "-e" "CARGO_TARGET_DIR=/opt/rustwide/target" "-e" "CARGO_HOME=/opt/rustwide/cargo-home" "-e" "RUSTUP_HOME=/opt/rustwide/rustup-home" "-w" "/opt/rustwide/workdir" "-m" "1610612736" "--user" "0:0" "--network" "none" "ghcr.io/rust-lang/crates-build-env/linux@sha256:20528e8c29e4536546f0102ce88568b16ea7538393a33fcca951030f7af10457" "/opt/rustwide/cargo-home/bin/cargo" "+881c1ac408d93bb7adaa3a51dabab9266e82eee8" "metadata" "--no-deps" "--format-version=1", kill_on_drop: false }`
[INFO] [stdout] 51437bd676babb45aa07b557e5605b8b90569959782701f4a0b980368ac5549c
[INFO] [stderr] WARNING: Your kernel does not support swap limit capabilities or the cgroup is not mounted. Memory limited without swap.
[INFO] running `Command { std: "docker" "start" "-a" "51437bd676babb45aa07b557e5605b8b90569959782701f4a0b980368ac5549c", kill_on_drop: false }`
[INFO] running `Command { std: "docker" "inspect" "51437bd676babb45aa07b557e5605b8b90569959782701f4a0b980368ac5549c", kill_on_drop: false }`
[INFO] running `Command { std: "docker" "rm" "-f" "51437bd676babb45aa07b557e5605b8b90569959782701f4a0b980368ac5549c", kill_on_drop: false }`
[INFO] [stdout] 51437bd676babb45aa07b557e5605b8b90569959782701f4a0b980368ac5549c
[INFO] running `Command { std: "docker" "create" "-v" "/var/lib/crater-agent-workspace/builds/worker-5/target:/opt/rustwide/target:rw,Z" "-v" "/var/lib/crater-agent-workspace/builds/worker-5/source:/opt/rustwide/workdir:ro,Z" "-v" "/var/lib/crater-agent-workspace/cargo-home:/opt/rustwide/cargo-home:ro,Z" "-v" "/var/lib/crater-agent-workspace/rustup-home:/opt/rustwide/rustup-home:ro,Z" "-e" "SOURCE_DIR=/opt/rustwide/workdir" "-e" "CARGO_TARGET_DIR=/opt/rustwide/target" "-e" "CARGO_INCREMENTAL=0" "-e" "RUST_BACKTRACE=full" "-e" "RUSTFLAGS=--cap-lints=forbid" "-e" "CARGO_HOME=/opt/rustwide/cargo-home" "-e" "RUSTUP_HOME=/opt/rustwide/rustup-home" "-w" "/opt/rustwide/workdir" "-m" "1610612736" "--user" "0:0" "--network" "none" "ghcr.io/rust-lang/crates-build-env/linux@sha256:20528e8c29e4536546f0102ce88568b16ea7538393a33fcca951030f7af10457" "/opt/rustwide/cargo-home/bin/cargo" "+881c1ac408d93bb7adaa3a51dabab9266e82eee8" "build" "--frozen" "--message-format=json", kill_on_drop: false }`
[INFO] [stdout] a4bb0183a5b4d6e4b54e707cbf7e9c40a87d6794d42d27eea7b4b3ee5dd7d69b
[INFO] [stderr] WARNING: Your kernel does not support swap limit capabilities or the cgroup is not mounted. Memory limited without swap.
[INFO] running `Command { std: "docker" "start" "-a" "a4bb0183a5b4d6e4b54e707cbf7e9c40a87d6794d42d27eea7b4b3ee5dd7d69b", kill_on_drop: false }`
[INFO] [stderr] warning: version requirement `0.16.0+162` for dependency `erupt` includes semver metadata which will be ignored, removing the metadata is recommended to avoid confusion
[INFO] [stderr]     Blocking waiting for file lock on package cache
[INFO] [stderr]    Compiling libc v0.2.81
[INFO] [stderr]    Compiling proc-macro2 v1.0.24
[INFO] [stderr]    Compiling unicode-xid v0.2.1
[INFO] [stderr]    Compiling cfg-if v1.0.0
[INFO] [stderr]    Compiling syn v1.0.56
[INFO] [stderr]    Compiling log v0.4.11
[INFO] [stderr]    Compiling serde v1.0.118
[INFO] [stderr]    Compiling autocfg v1.0.1
[INFO] [stderr]    Compiling smallvec v1.5.1
[INFO] [stderr]    Compiling memchr v2.3.4
[INFO] [stderr]    Compiling serde_derive v1.0.118
[INFO] [stderr]    Compiling anyhow v1.0.37
[INFO] [stderr]    Compiling once_cell v1.5.2
[INFO] [stderr]    Compiling pin-project-lite v0.2.0
[INFO] [stderr]    Compiling bytes v1.0.0
[INFO] [stderr]    Compiling lock_api v0.4.2
[INFO] [stderr]    Compiling instant v0.1.9
[INFO] [stderr]    Compiling libloading v0.6.6
[INFO] [stderr]    Compiling tokio v1.0.1
[INFO] [stderr]    Compiling quote v1.0.8
[INFO] [stderr]    Compiling parking_lot_core v0.8.2
[INFO] [stderr]    Compiling signal-hook-registry v1.3.0
[INFO] [stderr]    Compiling mio v0.7.6
[INFO] [stderr]    Compiling raw-window-handle v0.3.3
[INFO] [stderr]    Compiling num_cpus v1.13.0
[INFO] [stderr]    Compiling erupt v0.16.0+162
[INFO] [stderr]    Compiling parking_lot v0.11.1
[INFO] [stderr]    Compiling toml v0.5.8
[INFO] [stderr]    Compiling tokio-macros v1.0.0
[INFO] [stderr]    Compiling mmgame v0.1.0 (/opt/rustwide/workdir)
[INFO] [stdout] error[E0412]: cannot find type `Mutex` in this scope
[INFO] [stdout]   --> src/data/block.rs:10:29
[INFO] [stdout]    |
[INFO] [stdout] 10 |   pub static ref SBHANDLER: Mutex<Vec<SBHandler<'static>>> = Mutex::new(vec![]);
[INFO] [stdout]    |                             ^^^^^ not found in this scope
[INFO] [stdout]    |
[INFO] [stdout] help: consider importing one of these items
[INFO] [stdout]    |
[INFO] [stdout] 6  | use crate::data::Mutex;
[INFO] [stdout]    |
[INFO] [stdout] 6  | use std::sync::Mutex;
[INFO] [stdout]    |
[INFO] [stdout] 6  | use tokio::sync::Mutex;
[INFO] [stdout]    |
[INFO] [stdout] 
[INFO] [stdout] 
[INFO] [stdout] error[E0433]: failed to resolve: use of undeclared type `Mutex`
[INFO] [stdout]   --> src/data/block.rs:10:62
[INFO] [stdout]    |
[INFO] [stdout] 10 |   pub static ref SBHANDLER: Mutex<Vec<SBHandler<'static>>> = Mutex::new(vec![]);
[INFO] [stdout]    |                                                              ^^^^^ not found in this scope
[INFO] [stdout]    |
[INFO] [stdout] help: consider importing one of these items
[INFO] [stdout]    |
[INFO] [stdout] 6  | use crate::data::Mutex;
[INFO] [stdout]    |
[INFO] [stdout] 6  | use std::sync::Mutex;
[INFO] [stdout]    |
[INFO] [stdout] 6  | use tokio::sync::Mutex;
[INFO] [stdout]    |
[INFO] [stdout] 
[INFO] [stdout] 
[INFO] [stdout] error[E0412]: cannot find type `block_id` in this scope
[INFO] [stdout]   --> src/data/block.rs:33:7
[INFO] [stdout]    |
[INFO] [stdout] 33 |   id: block_id,
[INFO] [stdout]    |       ^^^^^^^^ not found in this scope
[INFO] [stdout] 
[INFO] [stdout] 
[INFO] [stdout] warning: unused imports: `Deserialize`, `Serialize`
[INFO] [stdout]  --> src/data/block.rs:6:13
[INFO] [stdout]   |
[INFO] [stdout] 6 | use serde::{Deserialize, Serialize};
[INFO] [stdout]   |             ^^^^^^^^^^^  ^^^^^^^^^
[INFO] [stdout]   |
[INFO] [stdout]   = note: `#[warn(unused_imports)]` on by default
[INFO] [stdout] 
[INFO] [stdout] 
[INFO] [stdout] warning: unnecessary parentheses around block return value
[INFO] [stdout]   --> src/data/block.rs:79:5
[INFO] [stdout]    |
[INFO] [stdout] 79 |     (x + (y * 16) + (z * 256))
[INFO] [stdout]    |     ^^^^^^^^^^^^^^^^^^^^^^^^^^ help: remove these parentheses
[INFO] [stdout]    |
[INFO] [stdout]    = note: `#[warn(unused_parens)]` on by default
[INFO] [stdout] 
[INFO] [stdout] 
[INFO] [stdout] error[E0277]: the size for values of type `(dyn SmartBlock + 'static)` cannot be known at compilation time
[INFO] [stdout]    --> src/data/block.rs:46:16
[INFO] [stdout]     |
[INFO] [stdout] 46  |   smart_block: Box<Vec<dyn SmartBlock>>,
[INFO] [stdout]     |                ^^^^^^^^^^^^^^^^^^^^^^^^ doesn't have a size known at compile-time
[INFO] [stdout]     |
[INFO] [stdout]     = help: the trait `Sized` is not implemented for `(dyn SmartBlock + 'static)`
[INFO] [stdout] 
[INFO] [stdout] 
[INFO] [stdout] error: aborting due to 4 previous errors; 2 warnings emitted
[INFO] [stdout] 
[INFO] [stdout] 
[INFO] [stdout] Some errors have detailed explanations: E0277, E0412, E0433.
[INFO] [stdout] 
[INFO] [stdout] For more information about an error, try `rustc --explain E0277`.
[INFO] [stdout] 
[INFO] [stderr] error: could not compile `mmgame`
[INFO] [stderr] 
[INFO] [stderr] To learn more, run the command again with --verbose.
[INFO] running `Command { std: "docker" "inspect" "a4bb0183a5b4d6e4b54e707cbf7e9c40a87d6794d42d27eea7b4b3ee5dd7d69b", kill_on_drop: false }`
[INFO] running `Command { std: "docker" "rm" "-f" "a4bb0183a5b4d6e4b54e707cbf7e9c40a87d6794d42d27eea7b4b3ee5dd7d69b", kill_on_drop: false }`
[INFO] [stdout] a4bb0183a5b4d6e4b54e707cbf7e9c40a87d6794d42d27eea7b4b3ee5dd7d69b
